ase 12?
b3
What is 130 (base 5) in base 15?
2a
Convert -a (base 11) to base 2.
-1010
What is -10 (base 2) in base 4?
-2
Convert -d8 (base 14) to base 12.
-13a
Convert 143 (base 8) to base 10.
99
Convert 34 (base 15) to base 11.
45
100 (base 2) to base 5
4
7 (base 11) to base 13
7
39 (base 11) to base 8
52
What is f (base 16) in base 3?
120
Convert -431 (base 5) to base 2.
-1110100
-24 (base 5) to base 10
-14
Convert -14 (base 13) to base 10.
-17
-4 (base 9) to base 5
-4
What is -6 (base 13) in base 2?
-110
Convert 4 (base 15) to base 9.
4
What is -222 (base 3) in base 4?
-122
Convert 4 (base 5) to base 12.
4
Convert 45 (base 6) to base 14.
21
Convert -33 (base 4) to base 14.
-11
What is 1c (base 16) in base 15?
1d
What is 414 (base 6) in base 2?
10011010
200 (base 5) to base 9
55
What is -7 (base 9) in base 3?
-21
What is 9a (base 15) in base 3?
12101
Convert 3 (base 8) to base 3.
10
-2 (base 16) to base 15
-2
What is -101 (base 3) in base 8?
-12
Convert -12 (base 5) to base 11.
-7
1032 (base 4) to base 12
66
What is 2 (base 14) in base 4?
2
Convert 52 (base 14) to base 2.
1001000
Convert -1e (base 16) to base 7.
-42
2 (base 7) to base 8
2
What is 17 (base 10) in base 9?
18
-154 (base 7) to base 12
-74
What is 110 (base 2) in base 16?
6
Convert 140 (base 7) to base 10.
77
Convert -12 (base 11) to base 3.
-111
43 (base 7) to base 15
21
Convert 120 (base 13) to base 10.
195
21 (base 5) to base 6
15
67 (base 11) to base 2
1001001
Convert 11 (base 4) to base 3.
12
Convert 1211 (base 4) to base 2.
1100101
21021 (base 3) to base 6
524
What is 0 (base 7) in base 5?
0
3 (base 15) to base 8
3
Convert -2 (base 13) to base 10.
-2
What is -312 (base 8) in base 2?
-11001010
-3 (base 8) to base 6
-3
-1001 (base 2) to base 5
-14
-130 (base 4) to base 15
-1d
Convert -85 (base 10) to base 15.
-5a
What is 11 (base 2) in base 6?
3
What is 101 (base 2) in base 7?
5
1 (base 11) to base 15
1
Convert -4 (base 14) to base 15.
-4
Convert -2 (base 14) to base 2.
-10
Convert 132 (base 5) to base 6.
110
Convert 6 (base 16) to base 7.
6
What is 13 (base 6) in base 5?
14
What is 30 (base 8) in base 14?
1a
What is 132 (base 7) in base 9?
80
1 (base 5) to base 4
1
What is 4 (base 9) in base 10?
4
Convert 38 (base 10) to base 6.
102
Convert 25 (base 15) to base 8.
43
Convert 32 (base 9) to base 13.
23
-5 (base 7) to base 13
-5
What is -2 (base 12) in base 5?
-2
What is 33 (base 14) in base 16?
2d
Convert -2 (base 13) to base 7.
-2
Convert -17 (base 13) to base 14.
-16
Convert 106 (base 10) to base 13.
82
Convert 56 (base 10) to base 13.
44
Convert -1 (base 11) to base 5.
-1
What is -111 (base 2) in base 12?
-7
Convert -24 (base 9) to base 7.
-31
Convert -10 (base 9) to base 3.
-100
What is 26 (base 12) in base 4?
132
What is 12 (base 3) in base 4?
11
-78 (base 10) to base 13
-60
-1 (base 15) to base 16
-1
What is 1 (base 11) in base 4?
1
2 (base 15) to base 9
2
Convert -1101110 (base 2) to base 5.
-420
What is 2 (base 8) in base 4?
2
Convert -2 (base 11) to base 7.
-2
413 (base 6) to base 14
ad
What is -1 (base 11) in base 4?
-1
-133 (base 4) to base 9
-34
0 (base 12) to base 15
0
-44 (base 7) to base 11
-2a
What is 100 (base 2) in base 15?
4
What is 46 (base 14) in base 7?
116
10 (base 8) to base 5
13
What is -100 (base 14) in base 8?
-304
32 (base 6) to base 9
22
4 (base 15) to base 8
4
What is -32 (base 5) in base 2?
-10001
Convert -9 (base 11) to base 12.
-9
What is -110 (base 2) in base 6?
-10
What is -24 (base 11) in base 3?
-222
What is -7 (base 11) in base 16?
-7
Convert 1 (base 10) to base 12.
1
Convert -3f (base 16) to base 10.
-63
Convert -1100 (base 2) to base 9.
-13
What is 0 (base 7) in base 3?
0
What is -3 (base 7) in base 10?
-3
Convert 53 (base 8) to base 13.
34
What is 42 (base 8) in base 16?
22
What is df (base 16) in base 9?
267
What is 3 (base 9) in base 14?
3
What is 1 (base 9) in base 16?
1
c (base 13) to base 14
c
Convert -505 (base 8) to base 9.
-401
Convert 445 (base 6) to base 4.
2231
45 (base 8) to base 9
41
Convert -3 (base 9) to base 11.
-3
What is -1020 (base 3) in base 16?
-21
-3 (base 16) to base 3
-10
What is 3 (base 5) in base 9?
3
What is 1 (base 9) in base 10?
1
What is -4 (base 10) in base 9?
-4
Convert 121 (base 10) to base 15.
81
3 (base 4) to base 10
3
-3 (base 7) to base 3
-10
Convert -25 (base 6) to base 9.
-18
Convert 65 (base 8) to base 2.
110101
Convert -47 (base 13) to base 11.
-54
-11001 (base 2) to base 13
-1c
Convert -10010 (base 2) to base 4.
-102
1a (base 15) to base 12
21
0 (base 4) to base 5
0
What is -4 (base 5) in base 3?
-11
20a (base 11) to base 2
11111100
Convert 303 (base 7) to base 10.
150
Convert 16 (base 11) to base 7.
23
What is -2 (base 7) in base 5?
-2
What is 11101 (base 2) in base 9?
32
5 (base 8) to base 3
12
What is 10 (base 2) in base 11?
2
Convert -c5 (base 14) to base 6.
-445
124 (base 5) to base 9
43
What is -1120 (base 3) in base 6?
-110
Convert 9 (base 10) to base 4.
21
What is -4 (base 5) in base 8?
-4
-221 (base 3) to base 15
-1a
2 (base 14) to base 15
2
-11 (base 9) to base 15
-a
What is 6 (base 10) in base 4?
12
-243 (base 5) to base 15
-4d
What is -14 (base 6) in base 4?
-22
-285 (base 9) to base 5
-1424
What is -1 (base 11) in base 10?
-1
-110 (base 4) to base 2
-10100
21 (base 5) to base 8
13
Convert 7 (base 10) to base 12.
7
What is 6 (base 8) in base 2?
110
What is -12 (base 8) in base 15?
-a
What is -1011 (base 7) in base 4?
-11133
-31 (base 4) to base 6
-21
Convert b6 (base 12) to base 9.
163
143 (base 5) to base 8
60
Convert 3 (base 4) to base 7.
3
Convert -2 (base 10) to base 12.
-2
Convert 76 (base 12) to base 2.
1011010
What is -2 (base 12) in base 8?
-2
-3 (base 12) to base 15
-3
-1 (base 12) to base 2
-1
11 (base 14) to base 2
1111
102 (base 3) to base 16
b
Convert 2 (base 6) to base 10.
2
What is 12 (base 11) in base 13?
10
What is -112 (base 3) in base 8?
-16
What is 21102 (base 3) in base 11?
172
What is -d (base 16) in base 12?
-11
-5 (base 11) to base 10
-5
What is 34 (base 15) in base 4?
301
Convert 21 (base 13) to base 11.
25
Convert 100122 (base 3) to base 15.
125
What is -2 (base 16) in base 13?
-2
Convert -14 (base 9) to base 2.
-1101
What is -55 (base 10) in base 11?
-50
0 (base 11) to base 16
0
-2 (base 10) to base 6
-2
Convert -60 (base 15) to base 3.
-10100
2 (base 15) to base 10
2
What is -da (base 15) in base 7?
-412
8c (base 16) to base 12
b8
-2 (base 5) to base 4
-2
-2 (base 5) to base 7
-2
0 (base 9) to base 4
0
Convert 252 (base 10) to base 14.
140
What is -10 (base 10) in base 15?
-a
Convert 22 (base 16) to base 8.
42
What is 10 (base 11) in base 5?
21
4 (base 7) to base 9
4
4 (base 8) to base 12
4
Convert -101 (base 4) to base 8.
-21
Convert -152 (base 8) to base 16.
-6a
Convert b (base 16) to base 7.
14
What is 14 (base 5) in base 16?
9
What is 0 (base 12) in base 13?
0
Convert 3 (base 15) to base 4.
3
What is 1 (base 11) in base 13?
1
What is -175 (base 8) in base 3?
-11122
Convert -60 (base 7) to base 15.
-2c
What is 10000100 (base 2) in base 9?
156
What is 111 (base 2) in base 14?
7
What is -11011111 (base 2) in base 10?
-223
1 (base 16) to base 13
1
-13 (base 8) to base 2
-1011
What is -121 (base 9) in base 5?
-400
What is -210 (base 4) in base 5?
-121
Convert -a (base 12) to base 5.
-20
0 (base 14) to base 13
0
53 (base 14) to base 7
133
10 (base 7) to base 3
21
What is 165 (base 11) in base 14?
da
2 (base 9) to base 16
2
What is -11 (base 9) in base 8?
-12
22 (base 5) to base 3
110
Convert 26 (base 9) to base 7.
33
Convert -2 (base 16) to base 13.
-2
-10 (base 2) to base 13
-2
210 (base 8) to base 12
b4
Convert -fe (base 16) to base 2.
-11111110
What is -204 (base 5) in base 8?
-66
-a (base 11) to base 15
-a
What is 29 (base 10) in base 5?
104
Convert -b4 (base 12) to base 7.
-253
What is 361 (base 10) in base 5?
2421
Convert 144 (base 11) to base 12.
121
-25 (base 9) to base 15
-18
Convert -5 (base 9) to base 14.
-5
What is 1010 (base 2) in base 8?
12
Convert -81 (base 12) to base 13.
-76
What is -11 (base 14) in base 13?
-12
7 (base 11) to base 10
7
Convert d (base 16) to base 10.
13
What is -201 (base 5) in base 13?
-3c
What is 3 (base 8) in base 13?
3
What is 4 (base 5) in base 11?
4
110 (base 3) to base 10
12
9 (base 11) to base 7
12
What is -101